+ 30. Let h be ((-2)/(-5))/(x/(-125)). Suppose -289 - 31 = -h*f. What is the tens digit of f?
6
Suppose 4*t + 5*h - 481 = 0, 0 = 2*t - 6*t + h + 499. Suppose t - 2264 = 5*b. Let m = 626 + b. What is the tens digit of m?
9
Let i(v) = -233*v + 31442. What is the tens digit of i(0)?
4
Let t(l) = 53*l**2 + 2*l + 5. Let j be t(3). Let k = 479 - -267. Suppose 3*o = -0*o - 2*z + k, 0 = -2*o + z + j. What is the hundreds digit of o?
2
Suppose -1137*v + 1028*v + 1318464 = 0. What is the ten thousands digit of v?
1
Let v(r) = 373*r**2 + 9*r + 261. What is the ten thousands digit of v(11)?
4
What is the units digit of (130620/80)/(12/32)?
4
Suppose 0 = 545*x - 543*x - 10. Suppose f = -4*l + 412, x*f = 4*f - 5*l + 410. What is the hundreds digit of f?
4
Let t = 6200 - -13765. What is the thousands digit of t?
9
Suppose -1370 = -53*j + 51*j. Suppose -9*r + j - 82 = 0. Let n = r - -15. What is the tens digit of n?
8
Let z = -637 + 1121. Suppose z = 4*s - 4*b, 0*s = s - 3*b - 119. What is the tens digit of s?
2
Let j be (-1408)/(-3) + 3/((-9)/4). Suppose -5*u = 0, 4*v + 4*u + j = 3052. What is the hundreds digit of v?
6
Let w be 6/90*5*2229. Let n = w + -87. What is the units digit of n?
6
Let o = -223 + 8. Let f = -187 - o. What is the units digit of f?
8
Suppose 0 = 300*x - 305*x - 4900. Suppose 4 = q + 6. What is the units digit of x/(-10) + (-2)/q?
9
Let f(t) = t**2 - 23*t - 57. Let p be f(18). Let v = 658 + p. What is the units digit of v?
1
Suppose -123 = -2*j + 221. Suppose -2*w - 152 = 5*s, -2*w + 11*s - 6*s = j. Let r = 192 + w. What is the units digit of r?
1
Let u = 633 - -1020. What is the thousands digit of u?
1
Suppose -26*v = -23*v + 3. Let t be (-1*1/v)/(-1) - 6. What is the tens digit of 177 + -1 + (t - -4)?
7
Let v = 15929 - 12648. What is the tens digit of v?
8
Let b = -65 - -65. Suppose b = 6*i - 6 - 12. What is the hundreds digit of (i/(-6))/(3/(-852))?
1
Suppose -2*s + 4*y = -12774, 0*y + 5*y = 0. Suppose 18*u + s = 22209. What is the units digit of u?
9
Let a(t) = 379 - 196 + 12*t + 20*t**2 - 4*t. What is the hundreds digit of a(-9)?
7
Let o(g) = g**3 + 22*g**2 + 32*g - 45. Let b(x) = -2*x**3 - 41*x**2 - 64*x + 91. Let n(k) = 2*b(k) + 5*o(k). What is the tens digit of n(-25)?
3
Let d = -62 + 40. Let m be (-136)/d + 14/(-385)*5. What is the units digit of (-1 - 1)/m + (-1760)/(-33)?
3
Let t(n) = 13*n + 7. Let j be t(3). Let x = -37 + j. Suppose 2*h = x*h - 98. What is the tens digit of h?
1
Let a = 32 - 30. Let x be 5/5*(2/(-2) + a). What is the hundreds digit of (x - 126)*4/(-4)?
1
Let t = 19 - 21. Let r be 18/(-9) - 1030/t. Suppose r - 45 = 3*z. What is the hundreds digit of z?
1
Let r = -25 + 29. Suppose 4*i - o + 2 = -0*i, 2*i = 2*o - r. Suppose i = -n + 1. What is the units digit of n?
1
Suppose 5*x + 4 = r + 3*r, 0 = -5*r + 5. Suppose -3*y = 2*m + y - 494, -4*m - 2*y + 982 = x. What is the units digit of m?
5
Suppose 4*u + 44 = -4*p, 6*p = p - u - 39. Let f(t) = -61*t + 9. What is the units digit of f(p)?
6
Suppose 15*g = 16*g - 108. Let h = g + -105. What is the tens digit of 15 - ((-1 + h)*1 - -2)?
1
Let b(t) = -229*t + 231*t + 39 + 4*t**2 + 3*t**2. What is the units digit of b(9)?
4
Let h = 60 - 52. Let n be (-2)/h - (-18)/8. What is the tens digit of -62*3/n*5/(-15)?
3
Suppose -r = -6*r + 80. Suppose -r = 4*o + 4*g, -4*g = 5*o - 0*g + 25. Let h(b) = -b**3 - 8*b**2 - 5*b + 9. What is the tens digit of h(o)?
3
Suppose 4*a + 4401 = 13*a. Suppose c - 5*i - a = 0, -2*c - 3*i + 2557 = 3*c. What is the units digit of c?
9
Let q = 23941 - -8133. What is the units digit of q?
4
What is the units digit of (-6 - 1/((-9)/18)) + 6491?
7
Let u be (0 - -1)/(((-6)/10)/(-3)). Suppose 2*g - 190 = -u*h - 2*g, 5*h + 3*g = 185. Suppose -324 = -5*m + 2*l, -5*l + 20 + h = m. What is the units digit of m?
4
Let p(w) = -352*w + 1. Suppose -8 + 7 = t. What is the hundreds digit of p(t)?
3
Suppose 5*b - 2*b - 486 = m, 0 = 3*m + 5*b + 1458. What is the units digit of 445/6 - (-9)/m*9?
4
Suppose -5*m - t + 2*t + 1448 = 0, -m + 304 = -5*t. Let g = m + -219. What is the tens digit of g?
7
What is the thousands digit of (-4)/(-26) - (-8 + (-318704)/26)?
2
Let h = -2317 + 2781. Let q be (1 - 1/1) + 2. Suppose -q*r = -2*f - 109 - 177, 0 = 3*r + 4*f - h. What is the hundreds digit of r?
1
Let o(m) = -1560*m + 7. Let q be (1/3)/((-107)/321). What is the tens digit of o(q)?
6
Suppose 28*t - 154889 = -42441. What is the hundreds digit of t?
0
Suppose 5*l = 5*y + 293 - 33, -2*y + 5*l - 92 = 0. Let z(g) = 11*g - 33. Let i be z(-5). Let u = y - i. What is the tens digit of u?
3
Let g(v) be the first derivative of -17*v**2/2 - 98*v + 18. What is the hundreds digit of g(-17)?
1
Suppose 2*c = -4*n - 32, 5*c = -0*n - 3*n - 38. What is the tens digit of n/39 - 4734/(-13)?
6
Let x = 68 + -64. Suppose 3*l + x*s - 141 = 1193, -3*l = -5*s - 1316. What is the hundreds digit of l?
4
Suppose -3*m = -4*m - 175. Suppose -14*d + 2057 = -1807. Let k = m + d. What is the tens digit of k?
0
Suppose -3*c + 0 + 24 = 0. Suppose 20 + 4 = c*b. Suppose b*y = y - 8, 0 = -s - 5*y + 206. What is the tens digit of s?
2
What is the tens digit of ((-90096)/(-36))/((-8)/(-6))?
7
Let f = -17 - -21. Suppose -f*a - 495 = -9*a. What is the tens digit of a?
9
Let i be 20 - (1/(-6) + 9/54). Suppose 12 + i = -w. Let p = w - -39. What is the units digit of p?
7
Suppose -o - g + 22 = g, -22 = -o + g. Suppose o*x + 4638 = 24372. What is the units digit of x?
7
Let i be (0 - -1)/((-3)/(-1674)). Let r = -784 + i. Let l = -151 - r. What is the tens digit of l?
7
Let v(p) = -22*p + 5*p**2 - 3*p**2 + 10 - 38. Let s(m) = -m**2 + 9*m + 18. Let c be s(9). What is the units digit of v(c)?
4
Let n be (-213)/(-3) + 3/(-1). Suppose 0 = -w - 1 + n. Let q = w - 30. What is the tens digit of q?
3
Let z = 712 - 2756. Let r = -1443 - z. What is the units digit of r?
1
Suppose 4*w - 12962 = -2*h, -5*w + 123 - 78 = 0. What is the hundreds digit of h?
4
Let i(s) = -14 - 2*s + 30 + 12 + 39. What is the units digit of i(25)?
7
Let x = 18 - 52. Let t = 58 + x. Suppose -t - 30 = -3*y. What is the units digit of y?
8
Let r(n) = n**3 + 3*n**2 - 13*n + 59. Suppose 4*w - 5*s + 6*s = 28, 2*w = -s + 16. What is the hundreds digit of r(w)?
3
Suppose -4*i + p + 60 = -99, 4*i + p = 145. What is the units digit of i?
8
Let k(t) = 5*t**2 - 5*t - 6. Let s be 15/(-25)*(-5)/1. Suppose 12*a = 13*a + s. What is the units digit of k(a)?
4
Let m be 4/5*(-10)/(-4). Suppose -4*p - 56 = -3*l, -l - 6*p = -m*p + 8. Suppose -l*o = -10*o - 114. What is the tens digit of o?
5
Let f be 1/5*-151 - (-2)/10. Let t be f/4*1*(-16)/24. Suppose -4*k - 242 - 535 = -t*j, 779 = 5*j - 3*k. What is the hundreds digit of j?
1
Let d(q) = 7*q**3 - 12*q**2 - 9*q + 243. What is the tens digit of d(14)?
7
Suppose -j = 6*j - 21. Suppose -9*b + j = -15. What is the units digit of (2 - b) + 66 + 3?
9
Let y = -1161 + 581. Let k = y - -996. Suppose -4*w = -k - 240. What is the hundreds digit of w?
1
Let a be (-1646)/(-10) + 40/(-25) + 2. Suppose -a + 13 = 8*l. Let y = 11 - l. What is the tens digit of y?
3
Let l(k) = -18*k**2 + 3*k + 17*k**2 - 3*k**3 + 78 + 2*k**3. Let r be l(0). Let m = -47 + r. What is the tens digit of m?
3
Suppose -2*c - 4*l = -94, -9*c + 2*l + 138 = -5*c. Let a = -25 + 38. Let u = c - a. What is the tens digit of u?
2
Let u(f) = -550*f. Let l be u(-1). Suppose -l = -47*a + 45*a. Suppose -2*y = 2*j + 3*y - a, 0 = -3*j - 3*y + 399. What is the units digit of j?
0
Let y = 16258 - -4929. What is the tens digit of y?
8
Let p = -137 - -262. Let g = -39 + p. What is the units digit of g?
6
Let k = 167 - 160. Suppose -744 = -11*v + k*v. What is the hundreds digit of v?
1
Suppose -6*n = -17794 - 110876. What is the hundreds digit of n?
4
Let o = -413 + 195. Let d = 299 + o. What is the tens digit of d?
8
Suppose 3*b - 3*r - 34 = -37, 4 = 5*b - 2*r. What is the hundreds digit of (-7)/35*-5 - (-1500)/b?
7
Suppose 3*m = -4*k + 26718, 10 = 17*m - 22*m. What is the thousands digit of k?
6
Suppose 207*t = 212*t. Suppose t = -5*l + 196 + 1734. What is the tens digit of l?
8
Let a be 19*((-5)/5*3 - 16). Let y = -184 - a. What is the hundreds digit of y?
1
Suppose -27*u = -37*u + 20. Suppose 4*g - 2096 = u*k, 5*k - 2623 = -5*g + 9*k. What is the tens digit of g?
2
Let g(